{"id":81,"date":"2024-06-03T17:17:58","date_gmt":"2024-06-03T15:17:58","guid":{"rendered":"https:\/\/chantalsimon.be\/?page_id=81"},"modified":"2024-06-10T07:45:37","modified_gmt":"2024-06-10T05:45:37","slug":"numerologie-2","status":"publish","type":"page","link":"https:\/\/chantalsimon.be\/?page_id=81","title":{"rendered":"Num\u00e9rologie strat\u00e9gique"},"content":{"rendered":"\n<p>Vous avez envie de mieux vous connaitre? Quels sont vos besoins, vos talents, quel genre d&#8217;activit\u00e9 vous anime? quel m\u00e9tier vous conviendrait?<\/p>\n\n\n\n<p>Je suis Num\u00e9rologue, p\u00e9dagogue et accompagnante en hypnose et en PNL. Si vous vivez actuellement un moment de transition. Si vous vous cherchez, ou cherchez des r\u00e9ponses par rapport \u00e0 votre vraie personnalit\u00e9, vos besoins, venez faire votre th\u00e8me en num\u00e9rologie.<\/p>\n\n\n\n<p><\/p>\n\n\n\n<p><br><\/p>\n\n\n\n<p><br><\/p>\n","protected":false},"excerpt":{"rendered":"<p>Vous avez envie de mieux vous connaitre? Quels sont vos besoins, vos talents, quel genre d&#8217;activit\u00e9 vous anime? quel m\u00e9tier vous conviendrait? Je suis Num\u00e9rologue, p\u00e9dagogue et accompagnante en hypnose et en PNL. Si vous vivez actuellement un moment de transition. Si vous vous cherchez, ou cherchez des r\u00e9ponses par rapport \u00e0 votre vraie personnalit\u00e9, [&hellip;]<\/p>\n","protected":false},"author":1,"featured_media":0,"parent":0,"menu_order":0,"comment_status":"closed","ping_status":"closed","template":"","meta":{"_et_pb_use_builder":"off","_et_pb_old_content":"","_et_gb_content_width":"","footnotes":""},"class_list":["post-81","page","type-page","status-publish","hentry"],"_links":{"self":[{"href":"https:\/\/chantalsimon.be\/index.php?rest_route=\/wp\/v2\/pages\/81","targetHints":{"allow":["GET"]}}],"collection":[{"href":"https:\/\/chantalsimon.be\/index.php?rest_route=\/wp\/v2\/pages"}],"about":[{"href":"https:\/\/chantalsimon.be\/index.php?rest_route=\/wp\/v2\/types\/page"}],"author":[{"embeddable":true,"href":"https:\/\/chantalsimon.be\/index.php?rest_route=\/wp\/v2\/users\/1"}],"replies":[{"embeddable":true,"href":"https:\/\/chantalsimon.be\/index.php?rest_route=%2Fwp%2Fv2%2Fcomments&post=81"}],"version-history":[{"count":5,"href":"https:\/\/chantalsimon.be\/index.php?rest_route=\/wp\/v2\/pages\/81\/revisions"}],"predecessor-version":[{"id":122,"href":"https:\/\/chantalsimon.be\/index.php?rest_route=\/wp\/v2\/pages\/81\/revisions\/122"}],"wp:attachment":[{"href":"https:\/\/chantalsimon.be\/index.php?rest_route=%2Fwp%2Fv2%2Fmedia&parent=81"}],"curies":[{"name":"wp","href":"https:\/\/api.w.org\/{rel}","templated":true}]}}